 are the prime factors of t?
5
Let i = 10846 + -6828. What are the prime factors of i?
2, 7, 41
Suppose -5*k + 2*k + 30 = a, -5*a + k + 86 = 0. What are the prime factors of a?
2, 3
Let g = 2693 - 1050. What are the prime factors of g?
31, 53
Let y(i) = -i**2 - 89*i - 154. What are the prime factors of y(-24)?
2, 19, 37
Let s(f) = -6*f - 4. Let o(a) = -25*a - 17. Let k(v) = 2*o(v) - 9*s(v). Let y(u) = -2*u - 11. Let l be y(-9). What are the prime factors of k(l)?
2, 3, 5
Suppose 0 = s + 7*g - 11*g - 629, 0 = 2*s - 4*g - 1262. List the prime factors of s.
3, 211
Let f = -506 - -817. List the prime factors of f.
311
Suppose 0 = 17*s - 7*s - 4080. List the prime factors of s.
2, 3, 17
Let p be (-4)/((-32)/12)*2. Let c(h) = 4*h**2 + 0*h**2 + 6*h - 4*h**3 + 0*h**3 + 3*h**p. List the prime factors of c(5).
5
Suppose 2*r + 18 = i, 2*i + 2*i - 62 = -2*r. Suppose b - 131 = -i. What are the prime factors of b?
5, 23
Let q = -6118 + 11692. List the prime factors of q.
2, 3, 929
Suppose -2*l = 5*w - 1886, 16*l = 5*w + 11*l - 1865. List the prime factors of w.
2, 47
Let a(w) = -w**2 - 2. Let k be a(3). Let u = -7 - k. Suppose 2*y = u*l + 2 - 6, y - 13 = -l. What are the prime factors of y?
2
Suppose -16*i + 3860 + 4348 = 0. List the prime factors of i.
3, 19
Let g be 5760/(-18)*(-32)/10. Suppose 5*j - 7*j = -8, -j = 5*t - g. List the prime factors of t.
2, 3, 17
Let k(o) = 3*o - 13. Suppose 69*x - 70*x = -18. What are the prime factors of k(x)?
41
Let m be (-4)/(-18) + (-7)/(-9). Let y(o) = 8*o**2 - o. Let q be y(m). Suppose -5*p = 4*t - 72, 30 = 3*t - 4*p + q. What are the prime factors of t?
13
Let k = 877 + -589. What are the prime factors of k?
2, 3
Let q(j) = j**2 + 12*j + 14. Let t be q(-11). Suppose v + 0*o - t*o = 76, 236 = 3*v - o. List the prime factors of v.
79
Let t(c) = c**3 - 2*c - 2*c**3 + 0*c**3 + 7 + 7*c**2 + c. Let r be t(7). Suppose -8*b + 5*b + 138 = r. List the prime factors of b.
2, 23
Suppose -x - 4*q + 554 = x, -2*q = 4*x - 1126. List the prime factors of x.
283
Suppose 0*w - w = 3. Let l be 3 + -4*(2 - 0). List the prime factors of (-22)/4*(l - w).
11
Let b = -8 - 15. Let h(j) = 14*j - 187. Let w be h(11). Let f = b - w. List the prime factors of f.
2, 5
Let z(d) = 2*d**2 + 5*d - 4. Suppose 0 = -19*p + 16*p + 12. Let b be z(p). Suppose 3*x - 85 = -4*f, -b + 132 = 4*f + 4*x. List the prime factors of f.
2, 11
Let v(m) = 11*m - 101. What are the prime factors of v(22)?
3, 47
Suppose -44*y = -37*y - 2814. What are the prime factors of y?
2, 3, 67
Let u(m) = 49*m**2 - 3*m + 2. Let z be u(2). Let c = z + -114. List the prime factors of c.
2, 3, 13
Let o(p) = 13*p + 2. Let g be o(-2). Let j = 27 + g. Suppose 2*m - 5 = m, -j*m = -5*y + 170. What are the prime factors of y?
37
Let g(p) = p**3 + 13*p**2 + 4*p + 24. What are the prime factors of g(-12)?
2, 3, 5
Let d(f) be the first derivative of 29*f**4/2 + f**3/3 - f**2/2 + f + 8. List the prime factors of d(1).
59
Suppose 0 = -4*x + 5*k + 97, 2*k = 4*x - 31 - 75. Suppose 4*j - x - 204 = 0. What are the prime factors of j?
2, 29
Let z(w) = -w**3 - 6*w**2 - 8*w - 6. Let g be z(-6). Suppose -j + 2*p = -5*j - 42, -5*j + 3*p = 25. Let m = j + g. What are the prime factors of m?
2, 17
What are the prime factors of (-5)/(15/(-1749))*2 + -1?
5, 233
Suppose f + 0*o = o + 8, o = 3*f - 22. Let r = 11 - f. Suppose -4*q - 2*k = -k - 112, r*q - 5*k = 88. List the prime factors of q.
3
Let c(h) = 5*h**2 - 5*h - 7. Let z(u) = u**2 - u - 1. Let d(o) = -2*o + 1. Let q be d(0). Let a(j) = q*c(j) - 4*z(j). List the prime factors of a(-3).
3
Let g = 92 + 192. List the prime factors of g.
2, 71
Let h be 1*(-3 + (2 - (-4 + 3))). List the prime factors of 185 - -23 - (h + 0).
2, 13
Suppose 0 = -20*l + 16*l, a = 2*l + 1828. List the prime factors of a.
2, 457
Let x = -23 - -33. Let v be 1 + -2 + 1 - -2. Suppose -v*j + 4 = -x. List the prime factors of j.
7
Let b(g) = -g**3 - 2*g**2 + g - 3. Let h(a) = a + 3. Let d be h(-6). Let n be b(d). Suppose 0 = -n*w + 5*w - 66. What are the prime factors of w?
3, 11
Suppose -5*s = -5*d - 863 - 932, 4*s - 1424 = -2*d. Suppose 137 = 2*f + 5*n, -7*f + 2*f = -2*n - s. List the prime factors of f.
71
Let o(a) = 3*a**3 - a**2 + 4*a + 3. Let h be o(-2). Let u = -13 - h. List the prime factors of u.
2, 5
Let h(v) = -2*v**2 + v + 1. Let w be h(-1). What are the prime factors of w/10 - (842/(-10) + 4)?
2, 5
Let m = -11 + 30. Suppose -17*z = -m*z. Suppose 0*t = -4*x + 2*t + 6, 4*x - 4*t - 4 = z. List the prime factors of x.
2
Suppose 2*a - 33 = -a - 5*c, -2*a - 3*c + 21 = 0. Suppose -x + a = -0*x. Suppose -3*r + 66 + x = 0. List the prime factors of r.
2, 3
Let j = 15 - 75. Let o(f) = 17*f - 4. Let z be o(-1). Let r = z - j. What are the prime factors of r?
3, 13
Suppose -5*r = 0, y + 0*y - 88 = -5*r. Let l = y + -42. List the prime factors of (l/6)/(1/3).
23
Let a be 8 + 1 + (1 - -3)/2. Let v(l) = 6*l - 31. What are the prime factors of v(a)?
5, 7
Let x(j) = 7*j**2 + 2*j - 1. Suppose -a = k + 4, a = 4*k - 8 - 1. List the prime factors of x(k).
2
Let v = 78 + -134. Let q be (1/2)/((-7)/v). Suppose -4*n + 24 = -q. What are the prime factors of n?
7
Let l(x) = x**3. Let t(u) = 4*u**3 + u**2 + 2. Let q(g) = -3*l(g) + t(g). Let a be q(0). Let s = a + 2. What are the prime factors of s?
2
Let g(o) be the third derivative of o**6/10 - o**5/12 + o**4/24 - o**3/3 - 6*o**2. List the prime factors of g(2).
2, 19
Let r be -19*((-33)/(-2))/((-9)/24). Suppose -22*f + r = -18*f. List the prime factors of f.
11, 19
Let u(h) = -2*h**3 - 5*h**2 - 4*h - 3. Let x be u(-3). Let y = x + -32. Let l(z) = z**3 + 13*z**2 - 16*z + 2. List the prime factors of l(y).
2, 3, 5
Let y = -81 + 75. What are the prime factors of 14/(-3)*243/y?
3, 7
Suppose 6*x - 35 = -5*f + 3*x, f - x = -1. Let b(t) = t**2 - t - 9. Let s be b(4). Suppose y + 2*y - 2*o = 96, s*y = -f*o + 96. What are the prime factors of y?
2
Suppose b - 22 = -b. Suppose -169 = -b*n + 546. List the prime factors of n.
5, 13
Suppose 4*l = -y + 4260, -2*y - 10*l + 15*l = -8494. List the prime factors of y.
2, 1063
Let m(d) = d**3 + 19*d**2 + 15*d + 8. What are the prime factors of m(-16)?
2, 67
Suppose 0 = 4*n - p - 2*p - 115, -n = -4*p - 19. Let x = n + 34. What are the prime factors of x?
5, 13
Let p(m) = 27*m**2 + 2*m - 2. Let j be p(-2). Let b = -53 + j. List the prime factors of b.
7
What are the prime factors of 244/((22/935)/((-1)/(-5)))?
2, 17, 61
Let w(f) = -f**2 - 21*f + 24. What are the prime factors of w(-11)?
2, 67
Suppose -3*o - 2*q + 7531 = 0, -4*q - 5061 = 5*o - 17610. What are the prime factors of o?
7, 359
Suppose -2*j = -j + 4*z - 17, 1 = -3*j + z. List the prime factors of 5*j/(-2)*(-872)/10.
2, 109
Let l(b) = 527*b - 327. List the prime factors of l(9).
2, 3, 23
Suppose 3*x = -i + 2*x + 202, -5*i + 1001 = 2*x. Let v = 385 - i. Suppose v = 5*o - 3*k, o + 3 - 57 = -5*k. What are the prime factors of o?
3, 13
Let f(g) = g**2 + 3*g - 90. List the prime factors of f(-31).
2, 389
Let z(j) be the first derivative of j**4/4 + j**2/2 + 25*j - 4. What are the prime factors of z(0)?
5
Let z(u) = u**2 - 3*u. Let m be 9 - 3 - (-4 + 3). Let l be (-1)/(4/8) + m. List the prime factors of z(l).
2, 5
Let p be 2/(16/(-164))*-2. Let j be (p/3)/((-3)/(-9)). Suppose 0 = 2*a - 5*i - j, -2*a - 5*i + 32 = -i. List the prime factors of a.
2, 3
Let m(s) = 8*s. Let w(a) = 7*a + 1. Let k(t) = -2*m(t) + 3*w(t). List the prime factors of k(2).
13
Suppose 30*q - 4554 = 7*q. What are the prime factors of q?
2, 3, 11
Suppose 0*m = 2*m - 4. What are the prime factors of m*(-1 + (-196)/16)*-4?
2, 53
Let i be (-1 - -2) + -3 + 2 + 4. Suppose -j = 4*j. Suppose i*b - b - 57 = j. List the prime factors of b.
19
Suppose -274*m - 4344 = -280*m. What are the prime factors of m?
2, 181
Let u(t) = 25*t + 21. Let o be u(7). Suppose o = -12*i + 616. What are the prime factors of i?
5, 7
Suppose 0 = 2*k + 2*k - 100. Let j be 1*(-1 - -3 - k). Let u = j - -43. What are the prime factors of u?
2, 5
Let k = 751 - -490. What are the prime factors of k?
17, 73
Let w(x) = -x**2 + 9*x**2 + 6*x**2 + 4 - 5*x**2. Let l be w(3). Let u = l - 6. List the prime factors of u.
79
Suppose 57 = 3*s - y - 3*y, -54 = -3*s + 3*y. Let k = -9 + s. Suppose -4*l + 5*g - 12 = 0, -6*g = -5*l - 2*g - k. W